rime factors of r?
2, 3
Let o be 5/((-15)/(-114)) + 0. What are the prime factors of (2 + 1)/1 + o?
41
Let n be 0 + (-4)/((-4)/5). Suppose -15 = n*l + 5. List the prime factors of ((-24)/9)/(l/6).
2
Let o be 21/(-6) + (-1)/2. What are the prime factors of (2/3)/(o/(-36))?
2, 3
Let m(k) = -k - 4. Let v be m(-3). Let c be (1/3)/(v/(-15)). Suppose 7 = 3*l - c*p, 5*l = 2*p - 3*p + 21. What are the prime factors of l?
2
Suppose 183 = -5*q + 68. What are the prime factors of -4 + 4 - q*1?
23
Let l be 256/18 - 2/9. List the prime factors of (-344)/(-28) - 4/l.
2, 3
Let k be (7 + -2)*-1*1. Let g = k + 11. Let n(y) = -y + 14. List the prime factors of n(g).
2
Let n be (-1)/3 + 111/9. Suppose -n = -b - 2. List the prime factors of b.
2, 5
Let a be 3/4 + 18/8. Suppose a*o + 188 = 4*w - o, w = 2*o + 46. Suppose -w = -4*m - 4*b, -59 = -4*m - 2*b - 17. What are the prime factors of m?
3
Let c(g) = -5*g + 5. Suppose 2*i + 3*o + 7 = 0, -21 = 3*i - 2*i + 5*o. Let t(z) = -14*z + 14. Let x(l) = i*t(l) - 11*c(l). List the prime factors of x(-1).
2
Let w(h) = h**2 - 5*h + 1. Let o(j) = 3*j**3 - 9 + 3 - 4*j**3 - 7*j**2 - 8*j. Let m be o(-6). What are the prime factors of w(m)?
7
Let w = 49 - 29. List the prime factors of w.
2, 5
Let o = 75 + -45. What are the prime factors of o?
2, 3, 5
Let x(o) be the third derivative of 0 + 3/8*o**4 - 3*o**2 - 1/6*o**3 + 0*o. What are the prime factors of x(1)?
2
Suppose -5*q + 4*i = 22 - 167, 0 = -2*q - i + 58. List the prime factors of q.
29
Suppose -2*v + 6*h = 3*h - 22, 2*v + 2*h = 2. Suppose -c = -v*c. Suppose 2*r + 2*w - 20 = c, -3*r - 5*w + 22 = -2*r. What are the prime factors of r?
7
Suppose 1 = -2*i + h, 4*i = -0*i - h - 11. Let b(r) be the third derivative of -r**4/4 - 19*r**2. List the prime factors of b(i).
2, 3
Suppose 4*u + 5*o - 53 = 0, 0 = -4*u + 4*o - 3 + 11. List the prime factors of -1 + u - (-17 + 20).
3
Let o(g) be the first derivative of g**3/3 - 3*g**2/2 + 4*g + 2. What are the prime factors of o(5)?
2, 7
Let r(g) = -g + 145. List the prime factors of r(0).
5, 29
Let b = 5 + 0. Suppose -7 - b = -4*m. What are the prime factors of m?
3
Let h = 3 - 4. Let o be 8*(4 + (h - 0)). Suppose -z + 3*z = o. What are the prime factors of z?
2, 3
Let k(u) = -33*u**3 + 3*u**2 - 7*u**3 - 2*u - 1 + 2*u**2 - 6*u**2. What are the prime factors of k(-1)?
2, 5
Suppose -i - 3*w = -15, 3*w - 15 = 2*i - 0*w. Let z(u) = u. Let a be z(3). Suppose i*b = a*b - 21. List the prime factors of b.
7
Let g(j) = -2*j**3 - 4*j**2 + 6. What are the prime factors of g(-3)?
2, 3
Suppose 12 = -3*g - 0. Let x = g - -4. Let z = x - -5. What are the prime factors of z?
5
Let f(x) = -3*x + 16. What are the prime factors of f(-9)?
43
Let q(k) = -42*k + 2. What are the prime factors of q(-1)?
2, 11
Let w = -16 - -20. Suppose s = -w*s + 25. What are the prime factors of s?
5
What are the prime factors of (-6 - -4) + -1 + 54?
3, 17
Let q(a) = 8*a. Let b be 0 - (1 - (-1 - -1)). Let y be q(b). Let o = y + 16. What are the prime factors of o?
2
Suppose -d - 52 = -3*d. List the prime factors of d.
2, 13
What are the prime factors of -1*8/12 + 796/6?
2, 3, 11
Let b(a) = a**2 + 14*a + 15. List the prime factors of b(-17).
2, 3, 11
Let u be 5/((-6 + 3)/(-3)). Suppose -3*a = -u*r - 0*r - 17, -3*r - 3 = -a. List the prime factors of a.
3
Let i = 19 - -1. Let d = i + -4. List the prime factors of d.
2
Let v(m) = -m - 6. Let i be v(-6). Suppose -3*j + 3 = -i. Suppose j - 4 = -a, 0 = -5*t + 4*a + 28. List the prime factors of t.
2
Suppose -4*t + 52 = -0*t. Let q = -1 + t. List the prime factors of q.
2, 3
Suppose -4*h + 2*t = -382, 0 = -3*h + 5*t - t + 284. List the prime factors of h.
2, 3
Let c(d) = 2*d - 5. Let l = 14 + -8. Let v be c(l). What are the prime factors of 5 - v - 18/(-2)?
7
Let j be (2 + (-5)/4)*-252. Let i be j/(-14) + (-1)/(-2). Let h = i + 1. List the prime factors of h.
3, 5
Let g = 17 + 3. What are the prime factors of g?
2, 5
Suppose 0 = 3*a - a + 8. Let i(o) = o**2 + 5*o + 4. Let z be i(a). Suppose 7 = v - 2*k - z*k, 4*v - k = 28. List the prime factors of v.
7
Let k = 17 + -31. Let b = 8 + k. Let h = 24 + b. What are the prime factors of h?
2, 3
Let i = 0 - 1. Let r be 2 - (i + 1 + -3). Suppose 2*w - 29 = -g, -r*w + g = 5*g - 80. List the prime factors of w.
2, 3
Let k(j) be the third derivative of 5*j**4/24 - 5*j**3/3 - 8*j**2. What are the prime factors of k(5)?
3, 5
Let j be ((-2)/(-3))/(2/(-12)). What are the prime factors of 42/j*(-8)/4?
3, 7
Let k = 4 - -20. Let h = k + -4. Let b = -14 + h. List the prime factors of b.
2, 3
Let x = 15 - 9. Suppose r + 105 = x*r. Suppose -r = -z - 7. What are the prime factors of z?
2, 7
Let d be (-1)/(-3) - (-3)/(-9). Suppose c + 0 - 1 = d. What are the prime factors of (-4 + c - 4)/(-1)?
7
Let i = -1 + 26. Let z = 41 - i. What are the prime factors of z?
2
Suppose 5*x - 35 = 3*b, -3*b + x = 3*x + 49. Let i(o) = -o**2 - 5*o. Let a be i(-5). List the prime factors of a - (0 - 1) - b.
2
Let i = -1 + 4. Suppose -2*b - 5 = -c, i*c + 4*b + 14 - 59 = 0. List the prime factors of c.
11
Let f = -20 + 37. List the prime factors of f.
17
Let v(y) = y**3 + y**2 + y + 7. Let m = -1 + 1. What are the prime factors of v(m)?
7
Let p(l) = l**3 - 9*l**2 + 7*l + 14. List the prime factors of p(9).
7, 11
Let w = -6 - 21. What are the prime factors of 144/w*6/(-4)?
2
Let k(z) = z**2 - z - 1. Let q(y) = -3*y**2 + 8*y + 1. Let i(g) = -2*k(g) - q(g). List the prime factors of i(7).
2
Suppose q = 3 + 1. Let u = q - 0. Suppose 5 = -u*a + 25. List the prime factors of a.
5
Let k = -287 - -517. What are the prime factors of k?
2, 5, 23
Let z(k) be the third derivative of k**4/24 + k**3/6 - k**2. Let c be z(3). Suppose -4*m + v + 49 = 0, c*v + 3 = -1. What are the prime factors of m?
2, 3
Let c be (-6)/9*-3*8. Let v = 0 + c. What are the prime factors of v?
2
List the prime factors of (-1 - 0)/((-9)/909).
101
Let u(c) = 6*c**2 + c - 4. Let s(i) = -i**3 + i + 1. Suppose 0*x = -5*x - 5. Let p(n) = x*u(n) + s(n). List the prime factors of p(-6).
5
What are the prime factors of ((-24)/(-1) - 3) + -1?
2, 5
Suppose h + 11 = g + g, -h = 3*g - 29. What are the prime factors of g?
2
Suppose 2*i - 3 - 17 = 0. Suppose 12 = l - 2*z, 0 = 5*l - 2*z - 21 + 1. Let b = l + i. What are the prime factors of b?
2, 3
Let d(s) = 2*s**3 + 2*s**2 - 3*s + 1. What are the prime factors of d(4)?
149
Suppose 0*q = -2*q + 2. Let i be ((-6)/4)/(q/(-2)). What are the prime factors of 15 - ((5 - i) + -1)?
2, 7
Let p = 222 - 148. Let w = 114 - p. Suppose 3*z + 2*z = w. List the prime factors of z.
2
Suppose -3*o - 4 + 34 = 0. Suppose -2*r - 4 + o = z, 4*r = 2*z + 4. What are the prime factors of 20/r*6/4?
3, 5
Suppose 0 = c - 3, 5*h = 4*c + 3. What are the prime factors of h?
3
Let u(s) = s**2 + 16*s - 19. What are the prime factors of u(-19)?
2, 19
Suppose 0 = 2*v - 6. Suppose 15 = -2*x + v. What are the prime factors of 0 - 1*x*1?
2, 3
Suppose 3*m - 3*n = -0*m + 114, -m = 5*n - 56. Let d = -21 + m. List the prime factors of d.
2, 5
Suppose 5*w - 20 = -3*k, k - 2*w - 16 = -6*w. Let s be ((-27)/(-6))/(4/(-8)). Let r = k - s. List the prime factors of r.
3
Suppose 4131 = 18*v + 837. List the prime factors of v.
3, 61
Suppose 5*b - 2 = 2*f + 3*b, -b - 2 = -2*f. Let m(q) = q**f - 2*q + 2*q**2 + 3*q**2 - 2*q**2 - 4. What are the prime factors of m(-3)?
2
Let z(m) = 11*m - 10. List the prime factors of z(4).
2, 17
Suppose 2 = 2*p - 6. Suppose -t + 24 = -p*k + 5, -4*k + 26 = 2*t. Let i = t - 8. List the prime factors of i.
7
Suppose 5*i - 425 + 77 = -2*s, -s = -2*i + 132. Suppose -3 = -2*a + 11. Suppose 5*h - a = i. List the prime factors of h.
3, 5
Suppose 6*m - 4*m = 8, -4*v = -4*m + 4. Let w(b) = -4*b + 4*b - v - b. List the prime factors of w(-10).
7
Let o be 66/(-11)*4/(-6). What are the prime factors of (-1)/o*82*-2?
41
Let v = -4 + 53. Let k = 75 - v. What are the prime factors of k?
2, 13
Suppose -2*r = -10 + 26. Suppose 264 = 3*u - 5*u. What are the prime factors of 2/3*u/r?
11
Suppose 58*v = 56*v - 2. Let w(z) = 7*z + 5. Let d be w(-5). List the prime factors of d/(-3 - v) + 2.
17
Let x be 2*(-2)/10*115. What are the prime factors of (3 - 1)/((-4)/x)?
23
Let d(i) = -i**3 - 3*i**2 - 3*i - 2. Let j be d(-3). Let g = j - 3. List the prime factors of (-235